er when s is divided by 4?
3
Let c(q) = 4*q**2 + 4*q - 8. Let m(i) = i**2 - 4*i + 1. Let l be m(2). Calculate the remainder when c(3) is divided by l/((-1)/((-14)/(-3))).
12
Calculate the remainder when 39 is divided by (2/1)/2*(21 + -10).
6
Suppose 0 = 2*i + 6 - 2. Suppose -3*y + 0*f = 2*f - 30, 3*y + 4*f - 24 = 0. Calculate the remainder when y is divided by (-10)/i + 6/3.
5
Let z(r) = 2*r**2 + 12*r - 85. Suppose -3*h = -2*h. Suppose 0*p + 4*p - 52 = h. Calculate the remainder when z(5) is divided by p.
12
Let s(w) = 2*w**2 - 4*w + 3. What is the remainder when s(3) is divided by 17/6 + (-1)/(-6)?
0
What is the remainder when ((-6)/(-12))/(3/792) is divided by 27?
24
Suppose 3 = 3*w + 9. What is the remainder when 18 is divided by -6*(20/6)/w?
8
Let a be (2 - 0/(-3)) + 3. Suppose 64 = -a*r + 2*l + 514, -3*l - 77 = -r. Calculate the remainder when r is divided by 31.
30
Let v(m) = m**2 - 3*m - 8. Let b be v(7). Suppose 5*j - 50 + b = 0. Calculate the remainder when 17 is divided by j.
5
Let p(l) = 21*l. Let t be p(5). Suppose -4*v + v = 204. Let j = v + t. What is the remainder when j is divided by 13?
11
Let r = 50 + -14. Let z = r - 14. What is the remainder when z is divided by 6?
4
Let a(l) = 3*l**2 - 7*l + 1. Let m be a(5). Suppose 3*i - 2*i + 3*j - 5 = 0, 0 = 3*i - 5*j + m. Let g = -3 - i. What is the remainder when g is divided by 2?
0
Let g(a) = 3*a**2 + 4*a + 1. Let m be 2/12*-2*-3. Let l(q) = -4*q**2 + q - 1. Let r be l(m). Calculate the remainder when g(r) is divided by 12.
9
Let c be ((-11)/2)/(1/(-10)). Suppose 6*j - c = j. What is the remainder when j is divided by 6?
5
What is the remainder when ((-48)/(-10))/(1*1/5) is divided by 7?
3
Let c be 3/(-5) - (-33)/5. Suppose n + 13 = 2*u - c, -3*u = -5*n - 39. Calculate the remainder when u is divided by 3.
2
Let v(c) = -8*c + 4. Let i be v(-3). Let h = i + 10. Calculate the remainder when h is divided by 0 + (1 - -10) - -2.
12
Suppose -r + 2*p - 2 = -5, 2*p = -5*r + 3. What is the remainder when (-3)/(10/(-9) + r) is divided by 14?
13
Let n be (-9)/(-4)*32/6. Let p = 32 + -3. What is the remainder when p is divided by 32/(-6)*n/(-8)?
5
Suppose 2*z + z - 6 = 0. Suppose -5*s = z*t - 31, -s + 11 + 6 = 4*t. Suppose 4 = r + 2. What is the remainder when s is divided by r?
1
Let d = 16 + -14. Suppose -d*b + 24 = -4. Calculate the remainder when 41 is divided by b.
13
Suppose -85 + 29 = -4*v. What is the remainder when (-8)/((v/(-4))/7) is divided by 1 + -2 + (-30)/(-3)?
7
Let o be 1/(-2) + 3/2. Calculate the remainder when 3 + o/(0 + -1) is divided by -5*3/(-15) + 1.
0
Let f be 12*(-2 - (-3 - 0)). Let u = -6 + f. Calculate the remainder when u is divided by 4.
2
Let g be -3 - (36 - (3 + -3)). Let p = -28 - g. What is the remainder when 43 is divided by p?
10
Let k = -55 - -93. Calculate the remainder when 187 is divided by k.
35
Suppose 6*h - 2*h - 44 = 0. Suppose 3 = -2*a + 43. What is the remainder when a is divided by h?
9
Calculate the remainder when (3 + 3 - 5)*217 is divided by 44.
41
Suppose 0*v + 84 = 4*v. Let z(i) = 10*i**2 + 1. Calculate the remainder when v is divided by z(1).
10
Calculate the remainder when -166*(4/(-8))/1 is divided by 17.
15
Suppose -2*b = 4 - 16. Suppose -31 = p + 57. Calculate the remainder when (-33)/55 - p/5 is divided by b.
5
Suppose 3*t + 13 - 1 = 0. Let b = t + 14. What is the remainder when 29 is divided by b?
9
Let y be (-31 + 0 - -3) + 1. Calculate the remainder when 45 is divided by ((-8)/6)/(3/y).
9
Suppose 2*n + 2*n - 20 = 0. Suppose 4*l - n = p, l + l - 4 = 2*p. Suppose a + 7*m = 4*m - 10, -2*m = 8. Calculate the remainder when a is divided by l.
0
Suppose -z + 0 - 18 = 0. Let w be (-608)/(-18) + (-4)/z. Suppose 0 = 2*t + 14 - w. Calculate the remainder when 27 is divided by t.
7
Let l(a) = a**3 - 5*a**2 + a - 5. Let z be l(5). Let w be (-4 - -2) + z + 9. Let n = w + 0. Calculate the remainder when 19 is divided by n.
5
Suppose -2*y + y - 230 = -4*t, -5*y - 280 = -5*t. Let c = -1 + -1. Calculate the remainder when t is divided by 3 - 1 - (c + -16).
18
Let p be (0/((-1)/1))/2. Suppose -4*l + l = p. Suppose l = -4*y + 12, 55 = 4*o + 5*y. What is the remainder when o is divided by 4?
2
Suppose s + 4 = 2. Suppose -q + 10 = -0*q. Calculate the remainder when 14 is divided by (-3)/((-26)/q - s).
4
Let r = 16 + -11. Suppose 0 = r*b - 73 - 2. Calculate the remainder when 44 is divided by b.
14
Suppose -4*l + 5*l = 6. Calculate the remainder when 9 is divided by l.
3
Suppose x - 33 = -p, 3*x - 3*p = 4*x - 37. Calculate the remainder when x is divided by 14.
3
Let u be 1/5 + 870/25. Let n = u - 12. What is the remainder when n is divided by 8?
7
Let n(l) = 2*l - l**2 + 2*l + 10 + 3*l - 3. What is the remainder when 53 is divided by n(4)?
15
Suppose 5*w - 3*v - 68 = 0, 2*w - 5*v - 4 = 8. Let a = 2 + w. What is the remainder when 52 is divided by a?
16
What is the remainder when 3036/14 + (60/28 - 2) is divided by 20?
17
Let f be (-2 - -3) + 0 + -1. Suppose 4*l + 4*v + 1 - 89 = f, -64 = -3*l - 4*v. Suppose -4*k - 26 = -6*k. What is the remainder when l is divided by k?
11
Let q = 14 + 6. Let s = q - 10. What is the remainder when 38 is divided by s?
8
Suppose -2*y - 468 = -6*y. Calculate the remainder when y is divided by 40.
37
Let p = -9 - -107. What is the remainder when p is divided by 25?
23
Suppose 80 = 5*h - 115. What is the remainder when h is divided by 10?
9
Let u(n) = n**2 - 2*n + 4. Let y be u(2). What is the remainder when (-2)/(2/(-92)*y) is divided by (6 - (-2)/2) + 1?
7
Suppose -3*k - 2*h = -51, -2*k + 33 = -0*k + h. Let l = k + -2. Calculate the remainder when l is divided by 7.
6
Let f(u) = -u**2 - 5*u + 6. Let w be f(-5). Let b be (-1)/w*2*-18. Suppose -b*r + r = 4*p - 9, 5*r = 3*p + 37. What is the remainder when 8 is divided by r?
3
Suppose 0 = -2*c + 3*c - 25. Suppose 0 = 5*m - c, -d = -0*m - m - 14. Calculate the remainder when 55 is divided by d.
17
Let u = 48 + -37. Calculate the remainder when 31 is divided by u.
9
Let w = 39 - 20. Calculate the remainder when w is divided by 10.
9
Let r = 15 + -9. Let f = r - 3. What is the remainder when (-3)/(-12) - 54/(-8) is divided by f?
1
Suppose 2*p - 590 = -3*p. Calculate the remainder when p is divided by 41.
36
Suppose 4*g = -16, -2*p - 3*g = 2*g - 32. What is the remainder when 1003/13 + 48/(-312) is divided by p?
25
Suppose -a - 20 = 5*f, 3*f = -0*a - 3*a. Let z = 7 - a. Suppose -3*k = -3*s - 15, 2*s + z*s = -16. Calculate the remainder when 2 is divided by k.
0
Let r(y) = -3*y + 6. Let a = -1 + 8. Let o be r(a). Calculate the remainder when 24 is divided by 63/5 + (-6)/o.
11
Suppose 1027 = 13*a - 0*a. What is the remainder when a is divided by 41?
38
Let v(s) = s**3 - s**2 + 3*s + 3. Calculate the remainder when 56 is divided by v(0).
2
Suppose 2*u = 10, -5*u = -4*a + 106 + 1. Suppose 2*p - a = -p. What is the remainder when p is divided by 4?
3
Suppose 4*s = -0*s + 88. Let n(g) = -g**2 + 3*g + 5. Let o be n(4). What is the remainder when s is divided by (-3 - o)*(-2)/1?
6
Let c be ((-732)/18)/((-4)/6). Let o = c + -13. What is the remainder when o is divided by 17?
14
Suppose 2*n - 9 = n. Let i = -3 + n. Calculate the remainder when 10 is divided by i.
4
Calculate the remainder when 40 is divided by -4 - -1 - (-102)/6.
12
Let p(l) = -3*l**3 + 1. Let b be p(-1). Suppose -2*r = -b - 2. What is the remainder when 5 is divided by r?
2
Suppose 6*d - d - 945 = -b, 4*d = 2*b + 742. Calculate the remainder when d is divided by 16.
12
Let n be (-1)/4 + 13/4. Let a = 29 + 11. Suppose 0 = z + n*z - a. What is the remainder when 28 is divided by z?
8
Suppose 5*t - 26 - 14 = -4*u, -2*u + 22 = 2*t. Suppose 0 = 2*a - 40 - 16. What is the remainder when a is divided by u?
13
Suppose 20 + 71 = 7*w. Calculate the remainder when w is divided by 4.
1
Let y be (-2)/(1*2/(-22)). Suppose 2*l - 2*r = -2 - 2, y = 4*l + 2*r. Let i = 8 + -3. What is the remainder when i is divided by l?
2
Let l = -22 + 26. What is the remainder when 6 is divided by l?
2
Suppose 0 = -2*o + 2, 8*n = 3*n - o + 56. Calculate the remainder when 19 is divided by n.
8
Let v(j) be the first derivative of j**3/2 - j + 1. Let c(m) be the first derivative of v(m). What is the remainder when 45 is divided by c(4)?
9
Let b = 11 - 9.